{"id":67,"date":"2025-06-11T15:25:22","date_gmt":"2025-06-11T15:25:22","guid":{"rendered":"https:\/\/pc-farma.com\/?page_id=67"},"modified":"2025-06-13T14:37:13","modified_gmt":"2025-06-13T14:37:13","slug":"sobre-nos","status":"publish","type":"page","link":"https:\/\/pc-farma.com\/index.php\/sobre-nos\/","title":{"rendered":"Sobre n\u00f3s"},"content":{"rendered":"\t\t<div data-elementor-type=\"wp-page\" data-elementor-id=\"67\" class=\"elementor elementor-67\">\n\t\t\t\t<div class=\"elementor-element elementor-element-f3ea8af e-con-full e-flex e-con e-parent\" data-id=\"f3ea8af\" data-element_type=\"container\" data-e-type=\"container\">\n\t\t\t\t<div class=\"elementor-element elementor-element-210c511 elementor-widget elementor-widget-image\" data-id=\"210c511\" data-element_type=\"widget\" data-e-type=\"widget\" data-widget_type=\"image.default\">\n\t\t\t\t<div class=\"elementor-widget-container\">\n\t\t\t\t\t\t\t\t\t\t\t\t\t\t\t<img fetchpriority=\"high\" decoding=\"async\" width=\"1900\" height=\"312\" src=\"https:\/\/pc-farma.com\/wp-content\/uploads\/2025\/06\/Sobre-nos.png\" class=\"attachment-full size-full wp-image-103\" alt=\"\" srcset=\"https:\/\/pc-farma.com\/wp-content\/uploads\/2025\/06\/Sobre-nos.png 1900w, https:\/\/pc-farma.com\/wp-content\/uploads\/2025\/06\/Sobre-nos-300x49.png 300w, https:\/\/pc-farma.com\/wp-content\/uploads\/2025\/06\/Sobre-nos-1024x168.png 1024w, https:\/\/pc-farma.com\/wp-content\/uploads\/2025\/06\/Sobre-nos-768x126.png 768w, https:\/\/pc-farma.com\/wp-content\/uploads\/2025\/06\/Sobre-nos-1536x252.png 1536w\" sizes=\"(max-width: 1900px) 100vw, 1900px\" \/>\t\t\t\t\t\t\t\t\t\t\t\t\t\t\t<\/div>\n\t\t\t\t<\/div>\n\t\t\t\t<\/div>\n\t\t<div class=\"elementor-element elementor-element-b33d3df e-flex e-con-boxed e-con e-parent\" data-id=\"b33d3df\" data-element_type=\"container\" data-e-type=\"container\">\n\t\t\t\t\t<div class=\"e-con-inner\">\n\t\t\t\t<div class=\"elementor-element elementor-element-5982cc8 elementor-widget elementor-widget-spacer\" data-id=\"5982cc8\" data-element_type=\"widget\" data-e-type=\"widget\" data-widget_type=\"spacer.default\">\n\t\t\t\t<div class=\"elementor-widget-container\">\n\t\t\t\t\t\t\t<div class=\"elementor-spacer\">\n\t\t\t<div class=\"elementor-spacer-inner\"><\/div>\n\t\t<\/div>\n\t\t\t\t\t\t<\/div>\n\t\t\t\t<\/div>\n\t\t\t\t<div class=\"elementor-element elementor-element-85150ae elementor-widget elementor-widget-text-editor\" data-id=\"85150ae\" data-element_type=\"widget\" data-e-type=\"widget\" data-widget_type=\"text-editor.default\">\n\t\t\t\t<div class=\"elementor-widget-container\">\n\t\t\t\t\t\t\t\t\t<p>Na PC Farma, tratamos da tecnologia com o mesmo cuidado com que se trata da sa\u00fade: com aten\u00e7\u00e3o, proximidade e solu\u00e7\u00f5es \u00e0 medida de cada cliente.<\/p><p>Desde a nossa funda\u00e7\u00e3o, na Marinha Grande, assumimos o compromisso de estar ao lado das pessoas \u2014 seja na repara\u00e7\u00e3o de equipamentos, na venda de consum\u00edveis ou no apoio t\u00e9cnico a quem precisa de respostas r\u00e1pidas e eficazes. Com uma equipa experiente e dedicada, aliamos conhecimento t\u00e9cnico a um atendimento simp\u00e1tico e descomplicado, sempre com foco na qualidade e na confian\u00e7a.<\/p><p>Aqui, n\u00e3o vendemos apenas produtos. Oferecemos tranquilidade, explica\u00e7\u00f5es claras e aquele apoio que faz toda a diferen\u00e7a \u2014 tanto para clientes particulares como para empresas que precisam de um parceiro fi\u00e1vel no dia a dia.<\/p><p>PC Farma. Cuidados, solu\u00e7\u00f5es e tecnologia \u2014 tudo num s\u00f3 lugar, sempre com um sorriso.<\/p>\t\t\t\t\t\t\t\t<\/div>\n\t\t\t\t<\/div>\n\t\t\t\t\t<\/div>\n\t\t\t\t<\/div>\n\t\t<div class=\"elementor-element elementor-element-bb5a165 e-flex e-con-boxed e-con e-parent\" data-id=\"bb5a165\" data-element_type=\"container\" data-e-type=\"container\">\n\t\t\t\t\t<div class=\"e-con-inner\">\n\t\t\t\t<div class=\"elementor-element elementor-element-0b3aa77 elementor-widget elementor-widget-spacer\" data-id=\"0b3aa77\" data-element_type=\"widget\" data-e-type=\"widget\" data-widget_type=\"spacer.default\">\n\t\t\t\t<div class=\"elementor-widget-container\">\n\t\t\t\t\t\t\t<div class=\"elementor-spacer\">\n\t\t\t<div class=\"elementor-spacer-inner\"><\/div>\n\t\t<\/div>\n\t\t\t\t\t\t<\/div>\n\t\t\t\t<\/div>\n\t\t\t\t\t<\/div>\n\t\t\t\t<\/div>\n\t\t\t\t<\/div>\n\t\t","protected":false},"excerpt":{"rendered":"<p>Na PC Farma, tratamos da tecnologia com o mesmo cuidado com que se trata da sa\u00fade: com aten\u00e7\u00e3o, proximidade e solu\u00e7\u00f5es \u00e0 medida de cada cliente. Desde a nossa funda\u00e7\u00e3o, na Marinha Grande, assumimos o compromisso de estar ao lado das pessoas \u2014 seja na repara\u00e7\u00e3o de equipamentos, na venda de consum\u00edveis ou no apoio [&hellip;]<\/p>\n","protected":false},"author":2,"featured_media":0,"parent":0,"menu_order":0,"comment_status":"closed","ping_status":"closed","template":"elementor_header_footer","meta":{"footnotes":""},"class_list":["post-67","page","type-page","status-publish","hentry"],"_links":{"self":[{"href":"https:\/\/pc-farma.com\/index.php\/wp-json\/wp\/v2\/pages\/67","targetHints":{"allow":["GET"]}}],"collection":[{"href":"https:\/\/pc-farma.com\/index.php\/wp-json\/wp\/v2\/pages"}],"about":[{"href":"https:\/\/pc-farma.com\/index.php\/wp-json\/wp\/v2\/types\/page"}],"author":[{"embeddable":true,"href":"https:\/\/pc-farma.com\/index.php\/wp-json\/wp\/v2\/users\/2"}],"replies":[{"embeddable":true,"href":"https:\/\/pc-farma.com\/index.php\/wp-json\/wp\/v2\/comments?post=67"}],"version-history":[{"count":25,"href":"https:\/\/pc-farma.com\/index.php\/wp-json\/wp\/v2\/pages\/67\/revisions"}],"predecessor-version":[{"id":430,"href":"https:\/\/pc-farma.com\/index.php\/wp-json\/wp\/v2\/pages\/67\/revisions\/430"}],"wp:attachment":[{"href":"https:\/\/pc-farma.com\/index.php\/wp-json\/wp\/v2\/media?parent=67"}],"curies":[{"name":"wp","href":"https:\/\/api.w.org\/{rel}","templated":true}]}}